{"id":3291,"date":"2024-09-17T04:37:14","date_gmt":"2024-09-17T04:37:14","guid":{"rendered":"https:\/\/marbetlipsko.pl\/?page_id=3291"},"modified":"2024-09-23T15:18:38","modified_gmt":"2024-09-23T15:18:38","slug":"unia-europejska","status":"publish","type":"page","link":"https:\/\/marbetlipsko.pl\/index.php\/unia-europejska\/","title":{"rendered":"Unia Europejska"},"content":{"rendered":"\t\t<div data-elementor-type=\"wp-page\" data-elementor-id=\"3291\" class=\"elementor elementor-3291\">\n\t\t\t\t\t\t<section class=\"elementor-section elementor-top-section elementor-element elementor-element-b200a0a elementor-section-full_width elementor-section-height-default elementor-section-height-default\" data-id=\"b200a0a\" data-element_type=\"section\">\n\t\t\t\t\t\t<div class=\"elementor-container elementor-column-gap-default\">\n\t\t\t\t\t<div class=\"elementor-column elementor-col-100 elementor-top-column elementor-element elementor-element-c3e7dee\" data-id=\"c3e7dee\" data-element_type=\"column\">\n\t\t\t<div class=\"elementor-widget-wrap elementor-element-populated\">\n\t\t\t\t\t\t<div class=\"elementor-element elementor-element-1d3346a elementor-widget elementor-widget-machino_machino_project_detail\" data-id=\"1d3346a\" data-element_type=\"widget\" data-settings=\"{&quot;machino_layout_margin&quot;:{&quot;unit&quot;:&quot;px&quot;,&quot;top&quot;:&quot;&quot;,&quot;right&quot;:&quot;&quot;,&quot;bottom&quot;:&quot;&quot;,&quot;left&quot;:&quot;&quot;,&quot;isLinked&quot;:true},&quot;machino_layout_margin_tablet&quot;:{&quot;unit&quot;:&quot;px&quot;,&quot;top&quot;:&quot;&quot;,&quot;right&quot;:&quot;&quot;,&quot;bottom&quot;:&quot;&quot;,&quot;left&quot;:&quot;&quot;,&quot;isLinked&quot;:true},&quot;machino_layout_margin_mobile&quot;:{&quot;unit&quot;:&quot;px&quot;,&quot;top&quot;:&quot;&quot;,&quot;right&quot;:&quot;&quot;,&quot;bottom&quot;:&quot;&quot;,&quot;left&quot;:&quot;&quot;,&quot;isLinked&quot;:true},&quot;machino_layout_padding&quot;:{&quot;unit&quot;:&quot;px&quot;,&quot;top&quot;:&quot;&quot;,&quot;right&quot;:&quot;&quot;,&quot;bottom&quot;:&quot;&quot;,&quot;left&quot;:&quot;&quot;,&quot;isLinked&quot;:true},&quot;machino_layout_padding_tablet&quot;:{&quot;unit&quot;:&quot;px&quot;,&quot;top&quot;:&quot;&quot;,&quot;right&quot;:&quot;&quot;,&quot;bottom&quot;:&quot;&quot;,&quot;left&quot;:&quot;&quot;,&quot;isLinked&quot;:true},&quot;machino_layout_padding_mobile&quot;:{&quot;unit&quot;:&quot;px&quot;,&quot;top&quot;:&quot;&quot;,&quot;right&quot;:&quot;&quot;,&quot;bottom&quot;:&quot;&quot;,&quot;left&quot;:&quot;&quot;,&quot;isLinked&quot;:true}}\" data-widget_type=\"machino_machino_project_detail.default\">\n\t\t\t\t<div class=\"elementor-widget-container\">\n\t\t\t    \r\n      \r\n      \r\n      <!-- project-details -->\r\n    <section class=\"project-details\">\r\n        <div class=\"auto-container\">\r\n            <div class=\"category-box\">\r\n                <div class=\"row clearfix\">\r\n                                        <div class=\"col-lg-3 col-md-6 col-sm-12 info-column\">\r\n                        <div class=\"info-box\">\r\n                            <h6>Nazwa Beneficjenta:<\/h6>                            <p>MARBET LIPSKO OTKO I WSP\u00d3LNICY SP\u00d3\u0141KA KOMANDYTOWA<\/p>                        <\/div>\r\n                    <\/div>\r\n                                        <div class=\"col-lg-3 col-md-6 col-sm-12 info-column\">\r\n                        <div class=\"info-box\">\r\n                            <h6>Warto\u015b\u0107 projektu og\u00f3\u0142em:<\/h6>                            <p>1 383 750,00 z\u0142<\/p>                        <\/div>\r\n                    <\/div>\r\n                                        <div class=\"col-lg-3 col-md-6 col-sm-12 info-column\">\r\n                        <div class=\"info-box\">\r\n                            <h6>Wysoko\u015b\u0107 wydatk\u00f3w kwalifikowalnych:<\/h6>                            <p>1 125 000,00 z\u0142<\/p>                        <\/div>\r\n                    <\/div>\r\n                                        <div class=\"col-lg-3 col-md-6 col-sm-12 info-column\">\r\n                        <div class=\"info-box\">\r\n                            <h6>Wysoko\u015b\u0107 wk\u0142adu Funduszy Europejskich w projekt:<\/h6>                            <p>855 000,00 z\u0142<\/p>                        <\/div>\r\n                    <\/div>\r\n                                    <\/div>\r\n            <\/div>\r\n            <div class=\"upper-box\">\r\n                <div class=\"row clearfix\">\r\n                    <div class=\"col-lg-6 col-md-12 col-sm-12 title-column\">\r\n                                                <div class=\"title-text\">\r\n                            <h2>Tytu\u0142 projektu<\/h2>\r\n                        <\/div>\r\n                                            <\/div>\r\n                    <div class=\"col-lg-6 col-md-12 col-sm-12 text-column\">\r\n                                                <div class=\"text\">\r\n                            Podniesienie konkurencyjno\u015bci firmy MARBET LIPSKO OTKO I WSP\u00d3LNICY SP\u00d3\u0141KA JAWNA poprzez wdro\u017cenie na rynek nowej us\u0142ugi, b\u0119d\u0105cej wynikiem w\u0142asnych prac B+R\n                        <\/div>\r\n                                            <\/div>\r\n                <\/div>\r\n            <\/div>\r\n            <div class=\"image-box\">\r\n                <div class=\"machino-project-carousel single-item-carousel owl-carousel owl-theme owl-dots-none nav-style-one\" data-slider=\"{&quot;infinite&quot;:true,&quot;autoplay&quot;:true,&quot;autoplaySpeed&quot;:&quot;2500&quot;,&quot;dots&quot;:false,&quot;nav&quot;:true,&quot;item_gap&quot;:30,&quot;item_show&quot;:1}\">\r\n                                        <figure class=\"image\"><img decoding=\"async\" src=\"https:\/\/marbetlipsko.pl\/wp-content\/uploads\/2024\/09\/Screenshot_6.png\" alt=\"Awesome Image\"><\/figure>\r\n                                    <\/div>\r\n            <\/div>\r\n            <div class=\"lower-box\">\r\n                <div class=\"tabs-box\">\r\n                    <div class=\"row clearfix\">\r\n                        <div class=\"col-lg-6 col-md-12 col-sm-12 btn-column\">\r\n                            <div class=\"tab-btn-box\">\r\n                                <ul class=\"tab-btns tab-buttons clearfix\">\r\n                                                                        <li class=\"tab-btn active-btn\" data-tab=\"#tab-1\"><span>Cel projektu<\/span><\/li>\r\n                                                                        <li class=\"tab-btn \" data-tab=\"#tab-2\"><span>Planowane efekty projektu<\/span><\/li>\r\n                                                                    <\/ul>\r\n                            <\/div>\r\n                        <\/div>\r\n                        <div class=\"col-lg-6 col-md-12 col-sm-12 content-column\">\r\n                            <div class=\"tabs-content\">\r\n                                                                <div class=\"tab active-tab\" id=\"tab-1\">\r\n                                    <div class=\"content-box\">\r\n                                        <h2>Cel projektu<\/h2>                                        <p>Celem g\u0142\u00f3wnym projektu jest wzrost konkurencyjno\u015bci przedsi\u0119biorstwa na rynku lokalnym, regionalnym, krajowym oraz na rynku mi\u0119dzynarodowym poprzez wdro\u017cenie wynik\u00f3w prac badawczo-rozwojowych oraz komercjalizacj\u0119 opracowanych na ich podstawie nowych produkt\u00f3w.<br><br>\nFirma planuje wdro\u017cy\u0107 do oferty nowy proces i us\u0142ug\u0119 w postaci detali gi\u0119tych na d\u0142ugo\u015bci do 3 metr\u00f3w w tolerancji wykonania osi\u0105gaj\u0105cej +\/- 0,5 stopnia. Wykonanie detali b\u0119dzie mo\u017cliwe dzi\u0119ki wykorzystaniu technologii produkcji element\u00f3w na prasie kraw\u0119dziowej, wyposa\u017conej w funkcj\u0119 pomiaru k\u0105ta gi\u0119cia..<br><br>\nZakres Projektu obejmuje nabycie \u015brodk\u00f3w trwa\u0142ych:.<br><br>\n- Prasa kraw\u0119dziowa z laserowym pomiarem k\u0105ta gi\u0119cia - 1 szt.\n<\/p>                                                                            <\/div>\r\n                                <\/div>\r\n                                                               <div class=\"tab \" id=\"tab-2\">\r\n                                    <div class=\"content-box\">\r\n                                        <h2>Planowane efekty projektu<\/h2>                                        <p>Planowane do wdro\u017cenia rozwi\u0105zanie wp\u0142ynie na wyeliminowanie lub znacz\u0105ce ograniczenie wielu ogranicze\u0144. Nowe rozwi\u0105zanie cechuje si\u0119 pomiarem k\u0105ta ugi\u0119cia oraz poziomu odkszta\u0142cenia spr\u0119\u017cystego materia\u0142u, kontroluj\u0105c w procesie rzeczywisty k\u0105t dogi\u0119cia detalu. Urz\u0105dzenie automatycznie dobiera parametry skoku stempla w zale\u017cno\u015bci od zachowania materia\u0142u podczas procesu gi\u0119cia. W efekcie ka\u017cdy detal, niezale\u017cnie od partii materia\u0142u, zostaje dogi\u0119ty do w\u0142a\u015bciwego rozmiaru, zgodnego z za\u0142o\u017con\u0105 tolerancj\u0105 wymiarow\u0105.<br><br>\nObecnie stosowana technologia bazuje na wykonaniu ruchu pionowego suwaka ze stemplem o zadan\u0105 wysoko\u015b\u0107. Nie ma pomiaru materia\u0142u ani sposobu jego odkszta\u0142cenia, przez co uzyskana tolerancja zagi\u0119cia osi\u0105ga +\/- 3 stopnie. Nowe rozwi\u0105zanie pozwoli uzyska\u0107 powtarzalno\u015b\u0107 na poziomie +\/- 0,5 stopnia.<br><br>\nObecnie stosowane rozwi\u0105zanie nie generuje pomiar\u00f3w spr\u0119\u017cysto\u015bci materia\u0142u, kt\u00f3ra zale\u017cy od w\u0142a\u015bciwo\u015bci materia\u0142u, kierunku wyci\u0119cia (u\u0142o\u017cenia wzgl\u0119dem kierunku walcowania blachy) oraz grubo\u015bci materia\u0142u. Rozwi\u0105zanie z pomiarem k\u0105ta gi\u0119cia w trakcie procesu dokonuje wycofania suwaka, zmierzenia napr\u0119\u017ce\u0144 oraz dokonania automatycznej korekty ugi\u0119cia detalu. Tym sposobem w procesie dobierana jest korekta nastaw i osi\u0105gana wysoka dok\u0142adno\u015b\u0107 ograniczaj\u0105c wp\u0142yw materia\u0142u.<br><br>\nProces produkcyjny w wykorzystaniem nowoczesnych pras kraw\u0119dziowych wp\u0142ywa na popraw\u0119 wydajno\u015bci energetycznej procesu, w szczeg\u00f3lno\u015bci poprzez wykorzystanie trybu stand by. Tryb ten zapewnia ograniczenie czynno\u015bci dodatkowych, kiedy nie s\u0105 one niezb\u0119dne. Do czynno\u015bci nale\u017cy zaliczy\u0107 mi\u0119dzy innymi wy\u0142\u0105czenie pompy t\u0142ocz\u0105cej olej hydrauliczny przy braku ruchu suwaka<br><br>\nZwi\u0119kszenie dok\u0142adno\u015bci wykonania detalu nast\u0105pi dodatkowo poprzez wdro\u017cenie oprogramowania do tworzenia rozkroj\u00f3w, dostarczanego razem z pras\u0105 kraw\u0119dziow\u0105. Oprogramowanie posiada precyzyjn\u0105 baz\u0119 danych dla materia\u0142\u00f3w, kt\u00f3re pozwalaj\u0105 na tworzenie precyzyjnych rozkroj\u00f3w przed procesem palenia blachy. \u015arodowisko to umo\u017cliwia utworzenie dok\u0142adniejszego rozkroju ni\u017c standardowo stosowane narz\u0119dzia.\nRozwi\u0105zanie bazuje na systemie wizyjnym do rozpoznawania u\u0142o\u017conych na palecie detali oraz przypisywaniu im wsp\u00f3\u0142rz\u0119dnych przestrzennych. System b\u0119dzie dobiera\u0142 automatycznie program z przygotowanej wcze\u015bniej bazy danych i zwi\u0119kszy elastyczno\u015b\u0107 produkcji dzi\u0119ki obrabianiu r\u00f3\u017cnego rodzaju detali (mieszcz\u0105cych si\u0119 w maksymalnych gabarytach stanowiska), bez konieczno\u015bci r\u0119cznego przezbrojenia i przestoj\u00f3w technologicznych.\n<\/p>                                                                            <\/div>\r\n                                <\/div>\r\n                                                           <\/div>\r\n                        <\/div>\r\n                    <\/div>\r\n                <\/div>\r\n            <\/div>\r\n        <\/div>\r\n    <\/section>\r\n    <!-- project-details end -->\r\n      \r\n      \r\n\r\n        \t\t<\/div>\n\t\t\t\t<\/div>\n\t\t\t\t\t<\/div>\n\t\t<\/div>\n\t\t\t\t\t<\/div>\n\t\t<\/section>\n\t\t\t\t<section class=\"elementor-section elementor-top-section elementor-element elementor-element-68a9991 elementor-section-full_width elementor-section-height-default elementor-section-height-default\" data-id=\"68a9991\" data-element_type=\"section\">\n\t\t\t\t\t\t<div class=\"elementor-container elementor-column-gap-default\">\n\t\t\t\t\t<div class=\"elementor-column elementor-col-100 elementor-top-column elementor-element elementor-element-fdcbc15\" data-id=\"fdcbc15\" data-element_type=\"column\">\n\t\t\t<div class=\"elementor-widget-wrap elementor-element-populated\">\n\t\t\t\t\t\t\t<\/div>\n\t\t<\/div>\n\t\t\t\t\t<\/div>\n\t\t<\/section>\n\t\t\t\t<\/div>\n\t\t","protected":false},"excerpt":{"rendered":"<p>Nazwa Beneficjenta: MARBET LIPSKO OTKO I WSP\u00d3LNICY SP\u00d3\u0141KA KOMANDYTOWA Warto\u015b\u0107 projektu og\u00f3\u0142em: 1 383 750,00 z\u0142 Wysoko\u015b\u0107 wydatk\u00f3w kwalifikowalnych: 1 125 000,00 z\u0142 Wysoko\u015b\u0107 wk\u0142adu Funduszy Europejskich w projekt: 855 000,00 z\u0142 Tytu\u0142 projektu Podniesienie konkurencyjno\u015bci firmy MARBET LIPSKO OTKO I WSP\u00d3LNICY SP\u00d3\u0141KA JAWNA poprzez wdro\u017cenie na rynek nowej us\u0142ugi, b\u0119d\u0105cej wynikiem w\u0142asnych prac B+R [&hellip;]<\/p>\n","protected":false},"author":1,"featured_media":0,"parent":0,"menu_order":0,"comment_status":"closed","ping_status":"closed","template":"tpl-default-elementor.php","meta":{"footnotes":""},"class_list":["post-3291","page","type-page","status-publish","hentry"],"_links":{"self":[{"href":"https:\/\/marbetlipsko.pl\/index.php\/wp-json\/wp\/v2\/pages\/3291","targetHints":{"allow":["GET"]}}],"collection":[{"href":"https:\/\/marbetlipsko.pl\/index.php\/wp-json\/wp\/v2\/pages"}],"about":[{"href":"https:\/\/marbetlipsko.pl\/index.php\/wp-json\/wp\/v2\/types\/page"}],"author":[{"embeddable":true,"href":"https:\/\/marbetlipsko.pl\/index.php\/wp-json\/wp\/v2\/users\/1"}],"replies":[{"embeddable":true,"href":"https:\/\/marbetlipsko.pl\/index.php\/wp-json\/wp\/v2\/comments?post=3291"}],"version-history":[{"count":7,"href":"https:\/\/marbetlipsko.pl\/index.php\/wp-json\/wp\/v2\/pages\/3291\/revisions"}],"predecessor-version":[{"id":3386,"href":"https:\/\/marbetlipsko.pl\/index.php\/wp-json\/wp\/v2\/pages\/3291\/revisions\/3386"}],"wp:attachment":[{"href":"https:\/\/marbetlipsko.pl\/index.php\/wp-json\/wp\/v2\/media?parent=3291"}],"curies":[{"name":"wp","href":"https:\/\/api.w.org\/{rel}","templated":true}]}}